f 9?
True
Does 10 divide 1140?
True
Is 6737 a multiple of 22?
False
Is 77770 a multiple of 30?
False
Is 3312 a multiple of 144?
True
Is 66650 a multiple of 62?
True
Is 16 a factor of 81981?
False
Is 35 a factor of 867?
False
Is 122 a factor of 7564?
True
Is 152 even?
True
Is 13 a factor of 19357?
True
Is 54 a factor of 5967?
False
Is 22589 a multiple of 160?
False
Is 770 a multiple of 10?
True
Is 8 a factor of 104?
True
Is 2624 a multiple of 32?
True
Is 57 a factor of 3135?
True
Is 15 a factor of 421?
False
Is 16 a factor of 544?
True
Is 6600 a multiple of 15?
True
Is 17993 a multiple of 21?
False
Is 2500 a multiple of 250?
True
Is 81 a factor of 405?
True
Is 17 a factor of 683?
False
Does 3 divide 478?
False
Does 19 divide 80731?
True
Is 4 a factor of 500?
True
Is 84 a factor of 4704?
True
Is 22 a factor of 2024?
True
Does 125 divide 6375?
True
Does 10 divide 8410?
True
Is 1231 a multiple of 18?
False
Does 14 divide 1235?
False
Is 17 a factor of 37723?
True
Does 45 divide 745?
False
Is 87837 a multiple of 452?
False
Is 32 a factor of 384?
True
Is 1817 a multiple of 4?
False
Is 3501 a multiple of 67?
False
Is 7 a factor of 86?
False
Is 15919 a multiple of 14?
False
Does 195 divide 29445?
True
Is 18 a factor of 90?
True
Does 18 divide 224?
False
Is 1011 a multiple of 11?
False
Is 10298 a multiple of 11?
False
Is 23 a factor of 1329?
False
Is 108 a factor of 51624?
True
Is 57 a factor of 702?
False
Is 15284 a multiple of 172?
False
Is 76356 a multiple of 252?
True
Is 21 a factor of 7271?
False
Is 2867 a multiple of 75?
False
Does 3 divide 1360?
False
Does 42 divide 588?
True
Does 177 divide 26221?
False
Does 107 divide 453?
False
Is 11 a factor of 4986?
False
Is 3 a factor of 75?
True
Does 220 divide 9900?
True
Is 9 a factor of 1098?
True
Is 729 a multiple of 81?
True
Is 288 a multiple of 12?
True
Is 1189 a multiple of 3?
False
Does 51 divide 34300?
False
Is 13087 a multiple of 18?
False
Is 60 a factor of 81600?
True
Does 34 divide 5029?
False
Is 32 a factor of 31259?
False
Is 9 a factor of 31982?
False
Is 265 a multiple of 3?
False
Does 34 divide 4182?
True
Is 2451 a multiple of 7?
False
Is 33 a factor of 3036?
True
Is 34 a factor of 3336?
False
Is 19114 a multiple of 44?
False
Is 6 a factor of 2400?
True
Does 9 divide 11695?
False
Is 4788 a multiple of 38?
True
Is 160 a factor of 43717?
False
Is 110 a factor of 1320?
True
Does 115 divide 2760?
True
Is 62 a factor of 1813?
False
Does 77 divide 56824?
False
Is 14550 a multiple of 25?
True
Is 25 a factor of 9250?
True
Is 9 a factor of 394?
False
Is 1127 a multiple of 7?
True
Does 18 divide 131?
False
Does 9 divide 53433?
True
Does 20 divide 35?
False
Is 1089 a multiple of 4?
False
Is 54 a factor of 11124?
True
Does 3 divide 454?
False
Is 22525 a multiple of 25?
True
Is 27 a factor of 27?
True
Is 23472 a multiple of 48?
True
Is 259 a factor of 31605?
False
Is 3866 a multiple of 21?
False
Is 35 a factor of 1505?
True
Does 63 divide 121?
False
Is 59443 a multiple of 82?
False
Does 7 divide 17984?
False
Is 17 a factor of 97?
False
Is 13 a factor of 4541?
False
Does 2 divide 2313?
False
Is 7943 a multiple of 24?
False
Is 81 a factor of 1620?
True
Does 10 divide 7082?
False
Is 35 a factor of 105?
True
Does 10 divide 293?
False
Is 1530 a multiple of 11?
False
Does 8 divide 80?
True
Does 21 divide 84?
True
Does 11 divide 132?
True
Does 14 divide 3598?
True
Is 272 a multiple of 17?
True
Does 45 divide 8092?
False
Does 130 divide 24180?
True
Is 11 a factor of 2514?
False
Is 544 a multiple of 20?
False
Is 22 a factor of 144?
False
Does 34 divide 680?
True
Does 14 divide 10312?
False
Is 84 a multiple of 5?
False
Is 10 a factor of 4920?
True
Is 1980 a multiple of 15?
True
Is 18228 a multiple of 84?
True
Is 24 a factor of 595?
False
Is 12 a factor of 20724?
True
Is 684 a multiple of 18?
True
Is 134 a factor of 3082?
True
Is 12 a factor of 47472?
True
Is 15 a factor of 1065?
True
Is 448 a multiple of 28?
True
Is 41 a factor of 5166?
True
Is 15 a factor of 675?
True
Is 1472 a multiple of 46?
True
Is 84 a multiple of 12?
True
Is 11116 a multiple of 19?
False
Is 22 a factor of 9152?
True
Is 79 a factor of 1390?
False
Is 48568 a multiple of 23?
False
Does 56 divide 20245?
False
Does 11 divide 7440?
False
Is 132 a multiple of 6?
True
Is 17730 a multiple of 3?
True
Does 11 divide 1694?
True
Is 7426 a multiple of 79?
True
Is 2 a factor of 30?
True
Is 32 a factor of 174?
False
Is 2242 a multiple of 5?
False
Is 851 a multiple of 23?
True
Is 2343 a multiple of 15?
False
Is 19 a factor of 22106?
False
Is 15813 a multiple of 63?
True
Does 19 divide 3059?
True
Does 56 divide 14784?
True
Is 8 a factor of 311?
False
Does 75 divide 562?
False
Is 21120 a multiple of 240?
True
Does 52 divide 3295?
False
Is 28 a factor of 532?
True
Is 900 a multiple of 12?
True
Is 19 a factor of 46835?
True
Does 275 divide 40425?
True
Is 20 a factor of 23480?
True
Is 420 a multiple of 28?
True
Does 17 divide 137172?
False
Does 2 divide 25?
False
Is 49 a factor of 8712?
False
Is 69676 a multiple of 21?
False
Does 16 divide 3066?
False
Is 24 a factor of 11324?
False
Is 6484 a multiple of 13?
False
Is 9 a factor of 1620?
True
Does 6 divide 178?
False
Is 6 a factor of 1314?
True
Is 11427 a multiple of 13?
True
Does 43 divide 2451?
True
Is 498 a multiple of 7?
False
Is 19 a factor of 6517?
True
Does 100 divide 6675?
False
Is 2980 a multiple of 101?
False
Does 10 divide 37254?
False
Is 230 a multiple of 23?
True
Is 10 a factor of 120?
True
Is 60 a factor of 35640?
True
Is 1112 a multiple of 4?
True
Does 91 divide 7826?
True
Does 89 divide 5340?
True
Does 64 divide 74576?
False
Is 37 a multiple of 12?
False
Does 57 divide 39664?
False
Does 80 divide 12917?
False
Does 40 divide 1418?
False
Does 44 divide 695?
False
Does 59 divide 205?
False
Is 11130 a multiple of 14?
True
Does 27 divide 3873?
False
Does 4 divide 908?
True
Is 268 a multiple of 3?
False
Is 95 a factor of 1661?
False
Does 109 divide 1853?
True
Is 139 a factor of 3475?
True
Is 55 a factor of 10230?
True
Is 42 a factor of 1606?
False
Is 44226 a multiple of 21?
True
Is 151 a multiple of 39?
False
Does 11 divide 25344?
True
Is 66 a factor of 936?
False
Is 16 a factor of 195?
False
Is 43 a factor of 17840?
False
Is 576 a multiple of 12?
True
Is 11 a factor of 762?
False
Is 5 a factor of 296?
False
Does 23 divide 123119?
True
Does 80 divide 12700?
False
Is 4 a factor of 259?
False
Does 4 divide 2199?
False
Is 81 a factor of 2592?
True
Is 8 a factor of 6501?
False
Does 62 divide 124?
True
Does 30 divide 84210?
True
Is 7299 even?
False
Is 6521 a multiple of 42?
False
Does 42 divide 672?
True
Is 73 a factor of 1028?
False
Does 15 divide 18638?
False
Is 7192 a multiple of 35?
False
Is 2773 a multiple of 59?
True
Does 6 divide 5856?
True
Is 23 a factor of 2035?
False
Is 4 a factor of 8219?
False
Is 96 a factor of 55584?
True
Does 13 divide 15652?
True
Is 3037 even?
False
Is 10 a factor of 30725?
False
Is 101 a factor of 14544?
True
Is 889 a multiple of 30?
False
Is 9024 a multiple of 16?
True
Is 38703 a multiple of 19?
True
Is 1010 a multiple of 10?
True
Is 13 a factor of 1300?
True
Is 92 a multiple of 23?
True
Is 20240 a multiple of 16?
True
Is 616 a multiple of 17?
False
Is 17680 a multiple of 16?
True
Does 8 divide 776?
True
Is 15 a factor of 1177?
False
Does 22 divide 748?
True
Is 69 a factor of 2106?
False
Is 3 a factor of 2577?
True
Is 69 a factor of 365?
False
Is 10 a factor of 34?
False
Is 159 a multiple of 6?
False
Is 18169 a multiple of 118?
False
Does 36 divide 711?
False
Is 482 a multiple of 56?
False
Does 7 divide 212?
False
Is 833 a multiple of 6?
False
Does 9 divide 194?
False
Is 243 a factor of 22577?
False
Is 122 a factor of 244?
True
Does 7 divide 964?
False
Is 3 a factor of 72?
True
Is 67 a factor of 402?
True
Does 32 divide 1713?
False
Does 52 divide 897?
False
Is 12 a factor of 823?
False
Does 9 divide 444?
False
Is 19929 a multiple of 130?
False
Is 73362 a multiple of 51?
False
Is 2501 a multiple of 12?
False
Does 13 divide 1404?
True
Is 5412 a multiple of 41?
True
Is 46 a factor of 841?
False
Is 13 a factor of 897?
True
Does 292 divide 67642?
False
Does 107 divide 31626?
False
Is 3536 a multiple of 136?
True
Is 9 a factor of 45985?
False
Is 2976 a multiple of 62?
True
Is 25